 the greatest common divisor of 307 and 118809?
307
What is the greatest common factor of 118656 and 927?
927
Calculate the greatest common divisor of 19624 and 24.
8
Calculate the greatest common divisor of 15385 and 10.
5
Calculate the highest common divisor of 172178 and 5244.
874
What is the highest common factor of 207 and 370875?
69
Calculate the greatest common divisor of 47652 and 566808.
2508
What is the greatest common factor of 9447 and 6432?
201
What is the greatest common factor of 16 and 426?
2
Calculate the highest common divisor of 734662 and 1498.
214
What is the greatest common factor of 2480 and 6975?
155
What is the greatest common factor of 13338 and 9126?
702
What is the greatest common divisor of 5746 and 24908?
26
What is the greatest common factor of 1128 and 6861?
3
What is the highest common factor of 825 and 4455?
165
Calculate the greatest common factor of 3944 and 657952.
232
Calculate the highest common factor of 84 and 120036.
84
What is the greatest common divisor of 72887 and 23?
23
What is the greatest common factor of 1450 and 121220?
290
Calculate the highest common factor of 68269 and 13771.
293
Calculate the greatest common factor of 209 and 10209023.
209
What is the greatest common divisor of 3498 and 82786?
1166
What is the highest common factor of 4165 and 77707?
119
What is the highest common factor of 344380 and 80?
20
Calculate the highest common divisor of 61245 and 90.
45
What is the greatest common factor of 589 and 3999?
31
What is the highest common divisor of 21 and 363699?
21
Calculate the greatest common factor of 12 and 99618.
6
What is the greatest common factor of 339 and 1732177?
113
Calculate the greatest common divisor of 925 and 750.
25
Calculate the highest common factor of 19780 and 774.
86
Calculate the greatest common factor of 72178 and 6.
2
Calculate the highest common divisor of 12682 and 272.
34
What is the highest common factor of 95970 and 35?
35
What is the greatest common factor of 389728 and 6080?
608
Calculate the highest common factor of 416 and 70486.
26
What is the highest common divisor of 3325 and 11725?
175
What is the highest common divisor of 13 and 627367?
13
Calculate the highest common divisor of 168 and 420528.
24
What is the greatest common divisor of 75670 and 27260?
470
What is the highest common factor of 183 and 18727?
61
Calculate the highest common divisor of 71214 and 67562.
1826
What is the greatest common factor of 40171 and 3197?
139
What is the greatest common factor of 61830 and 20?
10
What is the highest common factor of 36399 and 66?
33
Calculate the greatest common divisor of 686 and 2608858.
686
What is the greatest common factor of 14535 and 3435?
15
What is the greatest common divisor of 2688 and 616448?
896
Calculate the greatest common factor of 23 and 352613.
23
What is the greatest common divisor of 2063868 and 2412?
804
What is the greatest common divisor of 98431 and 6128?
383
What is the greatest common divisor of 132 and 1100?
44
Calculate the greatest common factor of 3675 and 805.
35
What is the highest common divisor of 919380 and 60?
60
What is the greatest common divisor of 775 and 800?
25
Calculate the highest common factor of 348 and 887168.
116
What is the highest common divisor of 528 and 2838?
66
Calculate the highest common factor of 321510 and 840.
210
What is the greatest common factor of 2175 and 3675?
75
What is the highest common factor of 19715069 and 11?
11
Calculate the highest common divisor of 9 and 239.
1
What is the highest common divisor of 1648272 and 24?
24
What is the highest common factor of 720 and 398880?
720
Calculate the greatest common divisor of 523858 and 7210.
206
What is the greatest common divisor of 639 and 56587?
71
What is the greatest common divisor of 5143 and 4865?
139
What is the greatest common divisor of 36279 and 1305?
261
What is the greatest common factor of 37770 and 30?
30
What is the greatest common divisor of 448 and 37?
1
Calculate the highest common divisor of 70 and 188090.
70
Calculate the highest common factor of 609798 and 7.
7
Calculate the highest common factor of 1138078 and 246.
82
Calculate the highest common divisor of 6897 and 1331.
121
What is the greatest common factor of 1960 and 23863?
49
Calculate the greatest common factor of 26964 and 6174.
126
What is the greatest common divisor of 781 and 284427?
11
What is the highest common divisor of 978591 and 959?
137
What is the greatest common factor of 28098 and 333?
9
Calculate the greatest common divisor of 4171 and 1075.
43
What is the greatest common divisor of 7371 and 1323?
189
Calculate the greatest common factor of 8 and 34080.
8
What is the highest common factor of 195017 and 92?
23
Calculate the highest common factor of 1261 and 149279.
13
What is the highest common divisor of 85 and 13243?
17
What is the highest common factor of 42 and 1154643?
21
What is the greatest common divisor of 31514160 and 19?
19
Calculate the highest common factor of 676 and 4052.
4
Calculate the highest common divisor of 1025 and 28003.
41
What is the highest common divisor of 5623453 and 11?
11
What is the highest common divisor of 49377 and 1661?
151
Calculate the highest common divisor of 6525 and 43674.
87
What is the highest common divisor of 1091913 and 1194?
597
Calculate the highest common factor of 88 and 22726.
22
What is the highest common factor of 588 and 65028?
12
What is the highest common factor of 8 and 317?
1
Calculate the highest common factor of 55448 and 24.
8
Calculate the greatest common factor of 109950 and 150.
150
What is the greatest common divisor of 352453 and 94?
47
Calculate the greatest common divisor of 180278 and 107282.
1106
What is the highest common factor of 198 and 69102?
198
Calculate the highest common divisor of 16 and 3456368.
16
Calculate the greatest common factor of 234 and 11661.
39
What is the greatest common factor of 245 and 185?
5
What is the highest common divisor of 203 and 9968?
7
Calculate the highest common factor of 1040 and 452.
4
What is the highest common divisor of 199558 and 678?
226
What is the greatest common factor of 265 and 93386?
53
Calculate the highest common divisor of 379882 and 34.
34
Calculate the highest common divisor of 845 and 25.
5
Calculate the greatest common divisor of 376809 and 258.
129
What is the highest common factor of 6 and 466?
2
Calculate the highest common factor of 29340 and 87660.
180
What is the greatest common divisor of 149819 and 4501?
643
What is the greatest common factor of 17157 and 1197?
399
What is the greatest common factor of 1572 and 4978?
262
Calculate the highest common factor of 57 and 134577.
57
Calculate the highest common divisor of 114084 and 6120.
36
What is the greatest common divisor of 165019 and 8959?
289
Calculate the greatest common factor of 4 and 1546.
2
Calculate the highest common divisor of 2178990 and 1023.
1023
Calculate the greatest common factor of 49600 and 192.
64
What is the greatest common factor of 7268499 and 791?
791
What is the highest common factor of 170 and 45543?
17
Calculate the greatest common divisor of 368 and 5619728.
368
What is the greatest common divisor of 16 and 367064?
8
What is the greatest common factor of 20511 and 1?
1
Calculate the highest common factor of 466322 and 2.
2
Calculate the highest common factor of 28650 and 195.
15
Calculate the greatest common divisor of 1610 and 407470.
70
What is the highest common divisor of 1500 and 185625?
375
Calculate the greatest common divisor of 136 and 80716.
68
Calculate the greatest common factor of 260 and 9665.
5
What is the greatest common divisor of 209 and 25327?
19
What is the highest common divisor of 1189 and 319?
29
What is the highest common divisor of 1404 and 1209?
39
What is the greatest common factor of 48 and 232608?
48
Calculate the greatest common divisor of 1728 and 10224.
144
Calculate the greatest common divisor of 8901 and 27324.
207
What is the highest common divisor of 660 and 1257?
3
Calculate the greatest common divisor of 4864 and 95.
19
What is the highest common divisor of 163822 and 2222?
202
Calculate the highest common divisor of 32 and 12840.
8
Calculate the highest common divisor of 56895 and 